t is -5 + -119818?
-119822
In base 11, what is 0 - -23086?
23086
In base 7, what is -31 - 1633?
-1664
In base 9, what is 138 - -100?
238
In base 11, what is 6555 - 2?
6553
In base 2, what is 1000001110001101 - 0?
1000001110001101
In base 7, what is -23055 - 164?
-23252
In base 12, what is 1b - 326?
-307
In base 6, what is -132404 + -23?
-132431
In base 5, what is -431 - -1432214?
1431233
In base 12, what is -1 + -a5147?
-a5148
In base 2, what is 111001 - -10000110011101100?
10000110100100101
In base 14, what is d + c3?
d2
In base 13, what is 629b83 - 5?
629b7b
In base 11, what is 2 + -5603?
-5601
In base 15, what is -5b12 + 3?
-5b0e
In base 2, what is 101100100111011 + -10?
101100100111001
In base 14, what is 1 + -b750?
-b74d
In base 4, what is -113120 - -1113?
-112001
In base 8, what is 200732 + -1?
200731
In base 15, what is -45 - -493?
44d
In base 2, what is 1001010111000 + 1100010?
1001100011010
In base 3, what is 11 - 1010022101?
-1010022020
In base 12, what is -282 - 1981?
-2043
In base 14, what is -23c2 - -1?
-23c1
In base 4, what is -11331123 - -10?
-11331113
In base 2, what is -1000110100001000010 + -10?
-1000110100001000100
In base 8, what is -126 + -1412?
-1540
In base 12, what is 72 + -93b?
-889
In base 13, what is -2 + 15aa90?
15aa8b
In base 3, what is -210 + 112110?
111200
In base 9, what is -280 + 1108?
718
In base 13, what is 308 + -26cc?
-23c4
In base 5, what is -1223344 + -10?
-1223404
In base 7, what is -14422 + 6?
-14413
In base 12, what is 5 - 13b30?
-13b27
In base 3, what is 212 + -111012?
-110100
In base 2, what is 1110000100111001 - 0?
1110000100111001
In base 15, what is -27a - 5d?
-2d8
In base 9, what is 10 - 25847?
-25837
In base 2, what is -101 - -10110001010110?
10110001010001
In base 15, what is -850 - 31?
-881
In base 9, what is 0 + 641?
641
In base 7, what is 102206 - 3?
102203
In base 5, what is 1212 + 440?
2202
In base 7, what is -1206054 + -5?
-1206062
In base 8, what is -2 - -425437?
425435
In base 13, what is 5 + -2c938?
-2c933
In base 5, what is -1 + 2243223?
2243222
In base 12, what is 8073 - 3?
8070
In base 14, what is 0 + -1d5?
-1d5
In base 12, what is -538 - 1099?
-1615
In base 14, what is 100930 - -1?
100931
In base 8, what is 31616 + -2?
31614
In base 4, what is 103313 + -33311?
10002
In base 8, what is -330017 - 4?
-330023
In base 15, what is -1 + b7d9?
b7d8
In base 2, what is 101010010110001010000 - 0?
101010010110001010000
In base 3, what is -2012021 - 112002?
-2201100
In base 11, what is 3 - 12975?
-12972
In base 6, what is 535 - 1?
534
In base 8, what is -2 - 42274?
-42276
In base 16, what is -74 + -1b1?
-225
In base 16, what is -27 - 6b1c?
-6b43
In base 8, what is -23633 + 302?
-23331
In base 7, what is 24544355 - -5?
24544363
In base 16, what is -dbc - 3?
-dbf
In base 11, what is 460 + -7?
454
In base 8, what is -320 + 564?
244
In base 6, what is -23425 + 31?
-23354
In base 7, what is 4 + 20212?
20216
In base 11, what is -a728 - -7?
-a721
In base 2, what is -101 + 10111010011010001000?
10111010011010000011
In base 4, what is -1 - -1032100?
1032033
In base 13, what is 92a9 + 5?
92b1
In base 10, what is 1070 + -4327?
-3257
In base 11, what is 3 + -35469?
-35466
In base 4, what is 230 + -203321?
-203031
In base 2, what is 100001100101111 + 101000?
100001101010111
In base 4, what is 10 + -110230230?
-110230220
In base 10, what is 2 + -13269?
-13267
In base 7, what is -11 - 4434?
-4445
In base 7, what is 0 - 335515?
-335515
In base 15, what is 30 + 1c9ec?
1ca2c
In base 6, what is -25411 - -222?
-25145
In base 16, what is 1 - 2e35?
-2e34
In base 8, what is 24136 + -272?
23644
In base 7, what is 2 - -63265?
63300
In base 10, what is 1517 + 1732?
3249
In base 12, what is 771b - 12?
7709
In base 10, what is 6 + 19180?
19186
In base 16, what is -e + 97c?
96e
In base 2, what is -100 + -11111100011111000?
-11111100011111100
In base 14, what is 156c + 55?
15c3
In base 8, what is 13 - 611146?
-611133
In base 15, what is -abae + 60?
-ab4e
In base 2, what is -111 - -10001011000011000101?
10001011000010111110
In base 6, what is 5004 + -1124?
3440
In base 2, what is -100000110100 - -1100?
-100000101000
In base 2, what is -110111100111110 - -111110?
-110111100000000
In base 11, what is 1203 + -560?
753
In base 2, what is -10001 - 110100111111010?
-110101000001011
In base 14, what is 1225 - 46?
11bd
In base 9, what is 1 - 147645?
-147644
In base 10, what is 9205 + 9?
9214
In base 2, what is 11100100101000 + -10011001?
11100010001111
In base 5, what is 2101331 - 0?
2101331
In base 11, what is 8 - 2017?
-200a
In base 16, what is 3 - -337d?
3380
In base 2, what is 100101100111011111 - -10?
100101100111100001
In base 9, what is 30088 - -4?
30103
In base 9, what is 458 - 2248?
-1680
In base 9, what is 1567571 - 1?
1567570
In base 14, what is -15c4a - 1?
-15c4b
In base 13, what is -8269b - 2?
-826a0
In base 3, what is 2 - -1121102001?
1121102010
In base 7, what is 1662 - -36?
2031
In base 2, what is -10 - 10010001111101010?
-10010001111101100
In base 7, what is 111344 - -12?
111356
In base 9, what is 6 + -576?
-570
In base 8, what is -13772 - 275?
-14267
In base 10, what is 5 - 6879?
-6874
In base 5, what is -310 - -20141?
14331
In base 15, what is 3 + -14903?
-14900
In base 16, what is 360 + 33?
393
In base 3, what is 2020 - 10222?
-1202
In base 3, what is 2010210 + 1120?
2012100
In base 13, what is 10c - 522?
-413
In base 14, what is 37d1d + 2?
37d21
In base 9, what is 2087 + 243?
2341
In base 10, what is -115 - 35612?
-35727
In base 5, what is -22 + -4332114?
-4332141
In base 7, what is 513453 - -3?
513456
In base 8, what is -4474537 - 2?
-4474541
In base 12, what is -8a + -49?
-117
In base 14, what is a90 + 41?
ad1
In base 2, what is -10111110 - 1001001100011?
-1001100100001
In base 8, what is 253720 + -2?
253716
In base 7, what is -64 - -10215?
10121
In base 11, what is 1a - -3462?
3481
In base 3, what is 2210120120001 + 0?
2210120120001
In base 3, what is 1211202 + 110120?
2022022
In base 12, what is -2038 + 0?
-2038
In base 12, what is -138b + 11?
-137a
In base 14, what is -789d + 36?
-7867
In base 5, what is -20 - -14312?
14242
In base 4, what is -10301 + -10231?
-21132
In base 13, what is 42b1 + 4?
42b5
In base 12, what is -987b + -45?
-9904
In base 3, what is -12202 - -100022102?
100002200
In base 5, what is 20 - 420441?
-420421
In base 2, what is 1110100110101 + -101?
1110100110000
In base 9, what is -7206355 - 0?
-7206355
In base 10, what is -157 - 6?
-163
In base 3, what is 10020211 - 21?
10020120
In base 3, what is 210 - -2010200?
2011110
In base 4, what is -3201 + -331?
-10132
In base 10, what is 51 - 17068?
-17017
In base 9, what is -75 - -18480?
18404
In base 13, what is -5 - c40?
-c45
In base 5, what is 13 - -212411?
212424
In base 4, what is 3 - -3231010?
3231013
In base 10, what is 8756 - 27?
8729
In base 6, what is -14 - 3551340?
-3551354
In base 5, what is -312124 - -20?
-312104
In base 11, what is -8 + 122a4?
12297
In base 4, what is -112111000 + 0?
-112111000
In base 5, what is 1320 - 2134?
-314
In base 7, what is 44 - -261412?
261456
In base 13, what is -6 + 4a48?
4a42
In base 6, what is -3100430 - -5?
-3100421
In base 6, what is -532224521 + -1?
-532224522
In base 10, what is 24 - 443?
-419
In base 14, what is -7538 + 4?
-7534
In base 9, what is -4 - -2226?
2222
In base 2, what is 1111001101101101 + -1?
1111001101101100
In base 7, what is 25430 - 102?
25325
In base 16, what is 1c - -116d4?
116f0
In base 9, what is 178555 + -5?
178550
In base 7, what is 3254200 + -1?
3254166
In base 7, what is -252420 - -5?
-252412
In base 15, what is 32b5 - 22?
3293
In base 5, what is 4212334 - -10?
4212344
In base 2, what is 1100010011010001011 - 101?
1100010011010000110
In base 10, what is 26 + -6247?
-6221
In base 4, what is 210211232 + 12?
210211310
In base 13, what is -5 - -5735b?
57356
In base 16, what is 134d + -55?
12f8
In base 14, what is -42b + -282?
-6ad
In base 4, what is 0 + 2311310?
2311310
In base 6, what is -5 + 5551041?
5551032
In base 10, what is 23361 + -4?
23357
In base 3, what is -1 + -212121100?
-212121101
In base 7, what is 52451 + -33?
52415
In base 15, what is 5 + 151293?
151298
In base 4, what is 311120 - -11002?
322122
In base 11, what is -5 + 64711?
64707
In base 2, what is 101